 = 3*r + 4*j - 27. Is r composite?
False
Suppose -2*o + 6*o - 24 = -4*h, 4*o = 16. Let x be 2 - (-2)/(2/2). Is x + ((-4)/h - -1) composite?
False
Let m(w) = w**2 + 3*w. Let f be m(-3). Suppose f = -q + 2*q - 71. Is q composite?
False
Let c be -3 + 5 + -3 + 2. Let s = 36 - c. Is s composite?
True
Suppose 4*c - 439 + 83 = 0. Is c composite?
False
Suppose 0 = -2*l + 2 - 0. Let b be 9*(1 - l/3). Suppose -i - 55 = -b*i. Is i prime?
True
Suppose 280 = -3*p + 1633. Is p a composite number?
True
Suppose 3*w - b - 2713 = 0, 3*b + 1007 = 4*w - 2612. Is w/12*3/2 a composite number?
False
Is (3 + -4)/((-6)/1518) a composite number?
True
Suppose -r = 2*r - 9. Suppose -6*n + 3*n + r*m = -207, 0 = -4*n - 3*m + 262. Is n prime?
True
Let h(a) be the third derivative of 13*a**5/60 - a**2. Let w = -2 - -3. Is h(w) a composite number?
False
Suppose q + 2*q = 15. Suppose -2*d + 14 = -d. Let f = q + d. Is f prime?
True
Suppose -z + 4 + 830 = 3*c, -2567 = -3*z + 4*c. Is z a prime number?
False
Let c be -1 - -2 - (2 + 3). Let v be (2 - -226) + 2 + c. Let o = -113 + v. Is o a prime number?
True
Let y = -2 - -5. Let a(j) = -2 + 3*j + y + 0*j + 2*j**2. Is a(-2) prime?
True
Let q(a) = -1407*a + 8. Is q(-3) prime?
True
Let x(c) = -4 + 7 - 3*c + 2*c**2 + 0*c**2. Let h be 1 + 0 - (-14 - -11). Is x(h) prime?
True
Let v(p) = p + 7. Let z be v(5). Let f = -25 - -48. Let h = f - z. Is h a prime number?
True
Suppose -24 = -4*g - 8. Suppose 0*f = 2*f + b + 45, g*b - 145 = 5*f. Is (-1465)/f + 4/10 a prime number?
True
Let j(f) = f - 5. Let o be j(-4). Let h = o - -12. Is h*(-67)/(-9)*3 prime?
True
Let f(l) = -l**3 + 10*l**2 - 2*l + 1. Is f(7) a prime number?
False
Let h(m) = -m**3 - 7*m**2 + m + 11. Let l be 22/(-3) + 4/(-6). Is h(l) prime?
True
Suppose 2*i + 0*i - 3022 = 0. Is i prime?
True
Suppose 6*b - 35 = 49. Is b a prime number?
False
Let r be -2*3/(6/7). Let k = -7 - r. Suppose x - 2*x + 13 = k. Is x composite?
False
Let w(j) = -3*j**2 + j + 1. Let n be w(2). Let b = n - -9. Is 38/(-4)*(b + -2) prime?
True
Suppose -5*y + 21 = -2*y. Let u = 272 - y. Is u a composite number?
True
Let b = -50 + 31. Is b/((9/15)/(-3)) composite?
True
Let f = -2280 - -3493. Is f a prime number?
True
Suppose -l = -4*t - 5, 0*t = 3*t. Suppose l*v = -5*u + 135, -32 - 87 = -5*u - v. Is u a prime number?
True
Let n be (-2)/7 + (-6)/(-21). Suppose 0*r - 3*r + 11 = -4*w, -2*r + 5*w + 5 = n. Suppose 4*a = -r*z + 203, -2*a - z = a - 144. Is a composite?
False
Suppose -3*g = -7 + 1. Suppose 3*p - 115 = -g*p. Is p composite?
False
Suppose -29*u = -34*u + 325. Is u a composite number?
True
Let i(t) = t**2 + 7*t - 12. Suppose -b + 4 = -5*c, 4*b - 3*c - 32 = c. Let d be 6/b + (-58)/6. Is i(d) prime?
False
Let h(m) = m**2 - 3*m - 7. Let x be h(5). Suppose 2*f + 173 = -5*d, -x*d + 2*f + 0*f = 91. Is 2/((-69)/d + -2) prime?
False
Let b(s) = 4 - s + s + s**2 + 2. Is b(5) a composite number?
False
Let y be (4/(-6))/((-2)/516). Let t = y + -93. Is t a composite number?
False
Let i = -3200 + 5303. Is i a prime number?
False
Let v be (0 - (-2 + -1)) + -3. Suppose v = 3*i + i - 212. Is i composite?
False
Suppose 0 = -a - 3*z + 4*z + 2, 4*a - 3*z - 7 = 0. Let k be a*4 - (-7 - -9). Suppose -4*j + 749 = 5*x, -3*j + 5 = k*j. Is x a prime number?
True
Is ((-426)/24)/((-1)/44) a prime number?
False
Suppose 0 = a + 3 + 4. Let f(d) be the third derivative of -d**6/120 - 7*d**5/60 - d**4/4 - 3*d**3/2 + 4*d**2. Is f(a) a prime number?
False
Let u = -1 + 12. Suppose u = b - 10. Is b a prime number?
False
Suppose -1722 = -m - 4*b + 215, -3*b = m - 1940. Is m composite?
False
Let m = 3 + -1. Suppose 277 = m*i + 3*b, 2*i = 6*i + 4*b - 560. Is i a composite number?
True
Suppose 11*p - 9*p - 1594 = 0. Is p prime?
True
Let x be (4/3)/((-2)/6). Let g(w) = 27*w - 2. Let k be g(x). Is k/(-4)*(3 - 1) composite?
True
Suppose -d = 3*d - 5*y - 408, -2*y - 102 = -d. Let l be -1*(67 - 0/(-3)). Let n = d + l. Is n composite?
True
Let w = 8 - 4. Suppose 0 = -4*k - 4*i - 8 - 72, w*k + 80 = 5*i. Let a = k - -39. Is a composite?
False
Suppose 693 = 5*o - 362. Is o a composite number?
False
Suppose -4*u - 3*m = 155, 76 = -2*u - 2*m - 0*m. Let w be u/((-3)/((-6)/(-2))). Suppose 0 = 4*g - w - 107. Is g composite?
False
Suppose -9 = 3*o - 24. Suppose o = -5*j, -3*j = -3*c - j + 152. Let p = c + 5. Is p a prime number?
False
Suppose 0 = 3*z + 125 - 26. Suppose 138 = -2*t + 3*x - 5*x, -4*x = 2*t + 148. Let w = z - t. Is w a prime number?
True
Let x be 0/(-1)*(-1)/(-2). Suppose 5*p + 5*f + 0*f - 65 = 0, x = -3*p + f + 35. Suppose 5*u - 33 = p. Is u a composite number?
True
Is 7 + 442 + 0/2 composite?
False
Let r = -1619 + 2298. Is r a composite number?
True
Let i(r) = -1 + r + r + r + r + 20*r**2. Is i(3) composite?
False
Suppose 4*g - 2 = 18. Let d = g - -18. Is d a composite number?
False
Suppose -5*h + 4 = 4*s - 21, -3*s + 2*h - 10 = 0. Suppose 2*t + 3*v = 68, -5*t + 2*v + 55 + 134 = s. Is t prime?
True
Let r(p) = -8*p**3 - p**2 - 2*p - 2. Let o(z) = -z**3 + z**2 + 1. Let n(s) = -3*o(s) - r(s). Is n(2) a composite number?
False
Suppose -a + 5*u - 354 = -1079, -4*a + 2992 = 3*u. Is a a prime number?
False
Suppose -3*q - 212 + 647 = 0. Is q prime?
False
Suppose -2*c = -4*v + 470, 0 = -c - 0 + 1. Suppose -5*a = -2*n - 106, 5*n - v = -5*a + n. Is a composite?
True
Let c(x) = 35*x**2 + 3*x + 1. Is c(-3) composite?
False
Suppose -2*t + d + 0 = -5, 2*t - 3 = 3*d. Let h(u) = u. Let n(c) = -25*c - 4. Let z(q) = 4*h(q) - n(q). Is z(t) composite?
True
Let d = 15 - 8. Let y(n) = 2*n**3 - 3*n**2 + 3*n + 3. Is y(d) a composite number?
False
Let h = -35 + 54. Is h composite?
False
Suppose -40 = -3*n + s - 0*s, 2*n = -3*s + 34. Is n prime?
False
Let a = 1998 - 1287. Let h = a - 436. Suppose -8*g + h = -3*g. Is g a composite number?
True
Let t(x) = x. Let f be t(0). Let m(q) = -q**3 - q**2 + 231. Let v be m(f). Suppose v = -p + 4*p. Is p prime?
False
Suppose 3*g - 423 = 1200. Is g a prime number?
True
Suppose -2*j + 20 = 2*j. Suppose -h - 3*v = -7*v, 0 = -j*h - 4*v. Suppose h = -6*f + 3*f + 21. Is f prime?
True
Suppose 0 = -4*m + 2*m + 662. Is m composite?
False
Let u(m) = -m**3 + 7*m**2 + 1. Let b be u(7). Let g(t) = 268*t**2 - t + 1. Let n be g(b). Suppose 2*v - n = -2*v. Is v a prime number?
True
Suppose 139 - 51 = 4*s. Suppose v - 3*v = -s. Is v a composite number?
False
Is 2*(892/8)/1 a prime number?
True
Suppose -11*k + 30 = -14*k. Is (22/(-3))/(k/195) prime?
False
Suppose -b - 4*t - 122 = b, 0 = -5*b + t - 272. Let i = b - -86. Is i prime?
True
Suppose 0 = -2*r - 0*r + 4. Suppose -n = -r*n + 82. Is n composite?
True
Let r(f) = -85*f + 2. Is r(-3) a prime number?
True
Let i = 1 + 2. Suppose 2*x + 5*f + 2 = 1, 0 = i*x + f - 5. Is 145 + ((-2)/x - -1) composite?
True
Let m(o) = 189*o**2 + 3*o + 1. Is m(-3) a prime number?
True
Let g = 801 - 260. Is g a prime number?
True
Let z(t) = 2*t + 6. Let w be z(-4). Let j be 41/w*-4 - 0. Suppose -5 + j = y - 4*h, -h = -3*y + 264. Is y a prime number?
True
Let m = -39 - -345. Suppose -u + m - 83 = 0. Is u prime?
True
Let j be (-6)/5*20/(-6). Suppose -d + j*d = 165. Is d composite?
True
Let n(g) = g**3 - g**2 + g + 1049. Is n(0) prime?
True
Suppose 21 - 1 = -4*q, 4*b + 5*q + 5 = 0. Suppose -2*u - 342 = -b*u. Suppose u + 18 = 4*y. Is y a prime number?
False
Let m = -89 + 128. Let b be (2/(-6))/(10/120). Let w = b + m. Is w a prime number?
False
Let l(w) = 5*w**2 - 8*w + 11 - 3*w**2 - 3*w**2. Let a be l(-9). Suppose 115 = 3*d + a*d. Is d a prime number?
True
Let i = -397 + 2244. Is i a prime number?
True
Let c(g) = -g**3 + 2*g**2 - g + 2. Let b(s) = s**3 - s**2. Let n be b(2). Let x be c(n). Let q = x - -49. Is q a composite number?
True
Let f(g) = 6*g - 1. Let z be f(5). Let u = 45 + z. Is u composite?
True
Suppose 4*i + 4*g - 8708 = 0, 6*i - i - 10867 = g. Is i composite?
True
Let d(t) = t**3 + t**2 - t + 35. Is d(0) composite?
True
Suppose 3*i - i - 80 = 0. Suppose -4*r = -8 - i. Is r/9*(-30)/(-4) a composite number?
True
Let v(j) = -j + 6. Let o be v(3). Let f be 332 - 0/(o/(-3)). Suppose 5*x - 482 = -g, 4*x - 44 - f = -4*g. Is x composite?
False
Suppose -2*g = -0*g - 112. Suppose 7*h - 3*h = -3*a + 171, a + h = g. Is a prime?
True
Is (2 - (-4 - -3)) + 62*4 a composite number?
False
Suppose -16370 = 3*s - 13*s. Is s a co